
Suppose 2*z - t = 28, 32 = 34*z - 31*z - 4*t. Calculate the highest common divisor of 55184 and z.
16
Suppose 15*v + 92 - 242 = 0. Suppose -5*g + 537 = 187. What is the highest common divisor of g and v?
10
Suppose -4105 = 8*k + 1463. Let j = k + 700. What is the greatest common factor of 484 and j?
4
Suppose 0 = -4*f + d + 1145, 0 = -3*f + d + 375 + 482. What is the highest common factor of f and 684?
36
Let p be (-45 + 39)*(132 + -1). Let h = p + 874. What is the greatest common divisor of h and 12?
4
Let k = -16 + 30. Let j(p) = -15*p + 17. Let n(f) = 2*f - 1. Let b(r) = -2*j(r) - 14*n(r). Let t be b(k). What is the highest common factor of 8 and t?
8
Let m be 1/(12/6 - (-401)/(-201)). Suppose 2*r = -132 - 94. Let a = m + r. What is the highest common factor of a and 11?
11
Suppose -9*f + 11*f = 628. Let v = f - 159. Let w = v + -87. Calculate the greatest common divisor of 17 and w.
17
Suppose 83 + 1 = -4*t + 4*j, j - 63 = 3*t. Let a be (-222)/t - 12/(-28). Calculate the highest common divisor of a and 33.
11
Suppose 11256 + 14224 = 260*u. What is the greatest common factor of 1225 and u?
49
Let r = -311 + 539. What is the greatest common divisor of 1026 and r?
114
Let h(o) = 3*o**3 - 77*o**2 - 60. Let f be h(26). What is the highest common factor of 1036 and f?
28
Let c be (26/8)/((-3)/(-144)). Let w = -149 + c. Calculate the greatest common divisor of w and 91.
7
Let q be 11407/68 - 5/(-20). Calculate the greatest common factor of q and 189.
21
Let x be -15*(20/12 + -2). Suppose -o = 3*i - 131, -i - 121 = -o + i. Calculate the greatest common divisor of o and x.
5
Let w = -39830 + 40275. Calculate the greatest common factor of 135 and w.
5
Let s be ((-160)/6)/2*(32 - 35). Let u = 990 - 830. What is the greatest common factor of u and s?
40
Let i(g) = 12*g + 52. Let x(f) = f**2 - 27*f + 157. Let y be x(19). Let q be i(y). Calculate the greatest common factor of 70 and q.
14
Let x(f) = f + 6. Let b(p) = p**3 + 11*p**2 + 21*p - 9. Let c be b(-9). Let d = c - -50. Let j be x(d). Calculate the highest common factor of 40 and j.
20
Suppose 0 = -87*l + 225 + 123. Calculate the highest common factor of l and 3244.
4
Let v(u) = -5*u**2 - 244*u. Let j be v(-48). What is the greatest common factor of 3072 and j?
192
Let o(x) = 11*x**2 + 17*x + 29. Let h be o(-2). What is the greatest common factor of 3679 and h?
13
Suppose 8*l = 12*l - 20. Let d = -8 + l. Let g be (d - (-28)/8)/(1/26). Calculate the highest common divisor of g and 117.
13
Suppose 28 = 4*o + 2*d + d, 0 = 5*o + 4*d - 36. Let b be 1/o - (1 - (-119)/(-4)). What is the greatest common factor of b and 377?
29
Let l = -138 - -256. Let a = -221 - -280. Calculate the greatest common divisor of l and a.
59
Let z be (1 - 2*442)*-1. Let y be (550/1694 + (-1)/7)*11. Suppose -n + 184 = y*p, -147 + z = 4*n + 5*p. What is the highest common factor of n and 23?
23
Let y be (-2)/(-13) - ((-1955)/221 + 7). Let z be (y/2 - (16 + -11))*-91. What is the highest common factor of z and 56?
28
Let j = -42 - -56. Suppose 5*i = 2*f - 6 - 0, -3*i = 4*f + j. Let x be ((-4)/i)/((-4)/(2 - 18)). Calculate the greatest common factor of 72 and x.
8
Let i(x) = -x**3 + 35*x**2 - 27*x - 7. Let v be i(19). Calculate the highest common factor of 48 and v.
24
Let c(h) = 5*h**2 - 70*h + 8. Let l be ((-3)/(-4))/((-15)/(-280)). Let s be c(l). What is the highest common factor of 376 and s?
8
Let j(g) be the second derivative of -g**4/2 + 37*g**3/2 + 18*g**2 + 125*g. Let c be j(18). Calculate the greatest common divisor of c and 3.
3
Let k be (-60)/(-780) + 515/26*94. What is the greatest common divisor of 294 and k?
98
Suppose 122 = -7*s + 6*s. Let a = s - -126. What is the greatest common divisor of a and 44?
4
Let v(l) = 7*l**2 - 113*l - 45. Let p be v(18). Calculate the highest common divisor of 56 and p.
7
Suppose -4236*k + 4591*k = 12780. Suppose -6 = -5*b + 2*b. Suppose 0*y + 5*p = -b*y + 22, y - 5*p + 4 = 0. Calculate the greatest common factor of k and y.
6
Let h(n) = -402*n + 1349. Let l be h(0). Calculate the highest common divisor of 142 and l.
71
Suppose 0 = -5*x - 3*a + 3573, 2*x + 2*a - 1418 = -2*a. Let q = -395 + x. What is the greatest common divisor of q and 46?
46
Let y be (-12)/(-21) - (-127348)/434. Calculate the greatest common divisor of y and 10.
2
Let g(x) = 9*x**2 - 75*x - 6. Let m be g(9). What is the greatest common factor of m and 384?
48
Suppose 143*k = 138*k. Suppose -7*d + 5053 + 547 = k. What is the greatest common factor of 80 and d?
80
Suppose 2*t - 1582 = -d + 3305, -5*d - 6*t = -24411. Calculate the highest common divisor of d and 75.
75
Suppose 5*t - r - 883 = 0, 0 = -30*t + 27*t + 5*r + 543. Calculate the greatest common factor of 288 and t.
16
Let g(b) = -b**3 + 49*b**2 - 178*b - 566. Let c be g(44). Calculate the greatest common factor of c and 4.
2
Let r(p) = -18*p - 120. Let h be (-48)/72 - (-1)/(-3)*40. Let n be r(h). What is the greatest common divisor of 55 and n?
11
Suppose 126*d - 36 = 124*d. Suppose -135 = 3*i - d*i. What is the greatest common divisor of i and 45?
9
Suppose -4*q + 3*s = -921, -q + 3*s - 36 = -255. Suppose 5*m = 5*u - 30, 3*u - 28*m - 21 = -24*m. What is the greatest common factor of q and u?
3
Let o be 446/(-6)*(-3 - 0). Let c = 287 - o. Calculate the highest common factor of 160 and c.
32
Let j = -11107 - -11206. Calculate the highest common divisor of j and 162.
9
Let o(d) = d**3 + 10*d**2 + 3*d + 11. Let q be o(-9). Suppose -q + 405 = 4*m. What is the greatest common factor of m and 51?
17
Suppose 49*l - 334072 - 252017 = 0. Calculate the greatest common factor of 27 and l.
27
Suppose -29*q = 19*q + 14544. Let n = q - -328. Calculate the highest common divisor of 85 and n.
5
Suppose -4*b = -4 - 20. Let c = 61 + -46. Calculate the highest common factor of b and c.
3
Let t = 7 + 2. Let r(n) = n**2 - 8*n + 13. Let a be r(t). Suppose 0 = 5*s - 0 - 15, 2*g = -s + 47. What is the greatest common factor of a and g?
22
Let h be (-8)/10 + -39*8/(-40). Let n(v) = -2*v**3 + 9*v**2 + 35*v + 6. Let p be n(h). Calculate the highest common divisor of 186 and p.
6
Let x = -63 - -69. Let y(t) = -9*t + 20. Let f be y(x). Let q = 1 - f. Calculate the highest common divisor of 280 and q.
35
Suppose 2*l - 1548 = -1555*b + 1553*b, -5*b - 3*l = -3840. Suppose 3*h - 221 = -14. Calculate the greatest common factor of b and h.
69
Let b = 154 + -59. Let k = 44817 + -44812. What is the highest common divisor of k and b?
5
Let f be (707/(-14))/((-2)/24) + 2. Suppose 0 = 107*c - 88*c - f. What is the greatest common factor of c and 400?
16
Let n(z) = -6*z - 21. Let d = 36 - 15. Suppose 4*y + 11 = -d. Let a be n(y). Calculate the greatest common factor of 189 and a.
27
Suppose -4*u - 679 = 2121. Let k be (-2 - 1) + (u - (8 + -5)). Let i be k/(-18) - (-16)/(-72). What is the highest common factor of 13 and i?
13
Suppose -2699 = 20*m - 6579. What is the highest common divisor of 1649 and m?
97
Let m(v) = 279*v**2 - 117*v + 110. Let u be m(2). Let g be (-63)/(-2) + 3/6. What is the highest common factor of g and u?
32
Suppose -314440 - 1018073 = -63*s. What is the highest common divisor of 13 and s?
13
Suppose 11*k = -17*k + 336. Calculate the greatest common divisor of 156 and k.
12
Let c = 7534 + -7408. What is the highest common divisor of c and 1323?
63
Suppose 52 + 170 = -y. Let r = -50 - y. Suppose 4*b = 3*w + r, 5*w - 3*w + 8 = 0. Calculate the highest common divisor of 5 and b.
5
Suppose 4*h - 4*g - 6849 - 6139 = 0, 5*h - 3*g - 16245 = 0. Calculate the highest common factor of h and 1897.
271
Suppose y - 3*a + 0*a = 1, -2*a - 6 = -2*y. Suppose -8*o + y = -4. What is the greatest common divisor of o and 17?
1
Let z(s) = -3*s**2 - 24*s - 29. Let d be z(-23). Let f be 4/14 + d/(-49) + -7. Let l = -8 + 13. What is the highest common factor of l and f?
5
Let i be (-268)/(-7) + ((-360)/84 - -4). Let p be 1/(((-15)/(-366))/5). Suppose p = 5*y - i. What is the highest common factor of 16 and y?
16
Suppose 0*x + 737 = 3*n - 2*x, -2*x = 4*n - 978. Let i = n + -221. What is the greatest common factor of i and 9?
3
Let c be 43/((-8)/24 + 2/(-3)). Let p = -111 - -161. Let w = p + c. What is the highest common factor of 28 and w?
7
Suppose f = -t - f - 77, 0 = 2*f. Let d be 2/(-14) + (9152